 the prime factors of 1902.
2, 3, 317
List the prime factors of 4992.
2, 3, 13
List the prime factors of 8660.
2, 5, 433
List the prime factors of 1157.
13, 89
List the prime factors of 568.
2, 71
List the prime factors of 7248.
2, 3, 151
What are the prime factors of 49368?
2, 3, 11, 17
List the prime factors of 2136.
2, 3, 89
List the prime factors of 7805.
5, 7, 223
List the prime factors of 2349.
3, 29
What are the prime factors of 8599?
8599
What are the prime factors of 145?
5, 29
List the prime factors of 55825.
5, 7, 11, 29
What are the prime factors of 5821?
5821
What are the prime factors of 1183?
7, 13
List the prime factors of 63368.
2, 89
What are the prime factors of 6807?
3, 2269
List the prime factors of 31675.
5, 7, 181
What are the prime factors of 6793?
6793
What are the prime factors of 26?
2, 13
What are the prime factors of 23?
23
What are the prime factors of 92079?
3, 13, 787
List the prime factors of 53148.
2, 3, 43, 103
What are the prime factors of 89892?
2, 3, 11, 227
List the prime factors of 13983.
3, 59, 79
List the prime factors of 372.
2, 3, 31
What are the prime factors of 89460?
2, 3, 5, 7, 71
What are the prime factors of 10574?
2, 17, 311
List the prime factors of 78636.
2, 3, 6553
What are the prime factors of 49062?
2, 3, 13, 17, 37
List the prime factors of 1688.
2, 211
What are the prime factors of 65741?
13, 389
What are the prime factors of 443?
443
What are the prime factors of 608?
2, 19
What are the prime factors of 1233?
3, 137
List the prime factors of 82881.
3, 9209
List the prime factors of 1973.
1973
What are the prime factors of 4462?
2, 23, 97
What are the prime factors of 33021?
3, 1223
What are the prime factors of 18307?
18307
List the prime factors of 1766.
2, 883
What are the prime factors of 149711?
149711
What are the prime factors of 2257?
37, 61
What are the prime factors of 20586?
2, 3, 47, 73
List the prime factors of 4182.
2, 3, 17, 41
What are the prime factors of 8426?
2, 11, 383
List the prime factors of 35168.
2, 7, 157
List the prime factors of 722.
2, 19
List the prime factors of 2178.
2, 3, 11
What are the prime factors of 19116?
2, 3, 59
List the prime factors of 80991.
3, 8999
What are the prime factors of 211?
211
List the prime factors of 23848.
2, 11, 271
List the prime factors of 3538.
2, 29, 61
What are the prime factors of 48?
2, 3
List the prime factors of 2242.
2, 19, 59
What are the prime factors of 1322?
2, 661
List the prime factors of 4483.
4483
What are the prime factors of 21372?
2, 3, 13, 137
List the prime factors of 59805.
3, 5, 443
List the prime factors of 33880.
2, 5, 7, 11
What are the prime factors of 1149?
3, 383
What are the prime factors of 25885?
5, 31, 167
List the prime factors of 4323.
3, 11, 131
What are the prime factors of 5535?
3, 5, 41
List the prime factors of 89480.
2, 5, 2237
List the prime factors of 1031.
1031
List the prime factors of 376.
2, 47
What are the prime factors of 1851?
3, 617
List the prime factors of 2199.
3, 733
List the prime factors of 358.
2, 179
What are the prime factors of 15385?
5, 17, 181
List the prime factors of 10367.
7, 1481
What are the prime factors of 1189?
29, 41
List the prime factors of 94811.
94811
What are the prime factors of 1095?
3, 5, 73
What are the prime factors of 27000?
2, 3, 5
What are the prime factors of 968?
2, 11
List the prime factors of 67178.
2, 33589
What are the prime factors of 1060?
2, 5, 53
What are the prime factors of 1521?
3, 13
List the prime factors of 6981.
3, 13, 179
What are the prime factors of 7417?
7417
List the prime factors of 2429.
7, 347
What are the prime factors of 1980?
2, 3, 5, 11
What are the prime factors of 9219?
3, 7, 439
What are the prime factors of 32515?
5, 7, 929
What are the prime factors of 35418?
2, 3, 5903
List the prime factors of 92799.
3, 7, 491
List the prime factors of 775.
5, 31
What are the prime factors of 605?
5, 11
What are the prime factors of 17105?
5, 11, 311
List the prime factors of 22720.
2, 5, 71
List the prime factors of 931.
7, 19
List the prime factors of 48380.
2, 5, 41, 59
What are the prime factors of 6901?
67, 103
List the prime factors of 30609.
3, 19, 179
List the prime factors of 372.
2, 3, 31
List the prime factors of 38110.
2, 5, 37, 103
List the prime factors of 20796.
2, 3, 1733
What are the prime factors of 930?
2, 3, 5, 31
List the prime factors of 1730.
2, 5, 173
What are the prime factors of 99?
3, 11
What are the prime factors of 3402?
2, 3, 7
What are the prime factors of 2599?
23, 113
List the prime factors of 11955.
3, 5, 797
List the prime factors of 10110.
2, 3, 5, 337
List the prime factors of 199.
199
List the prime factors of 126.
2, 3, 7
List the prime factors of 2511.
3, 31
List the prime factors of 64876.
2, 7, 331
What are the prime factors of 1048?
2, 131
What are the prime factors of 83516?
2, 20879
What are the prime factors of 3637?
3637
List the prime factors of 1374.
2, 3, 229
What are the prime factors of 1783?
1783
List the prime factors of 51411.
3, 17137
List the prime factors of 2192.
2, 137
What are the prime factors of 11037?
3, 13, 283
List the prime factors of 15054.
2, 3, 13, 193
List the prime factors of 23895.
3, 5, 59
What are the prime factors of 15903?
3, 19, 31
What are the prime factors of 311?
311
List the prime factors of 16808.
2, 11, 191
What are the prime factors of 9117?
3, 1013
What are the prime factors of 44661?
3, 14887
What are the prime factors of 12474?
2, 3, 7, 11
What are the prime factors of 1865?
5, 373
List the prime factors of 194.
2, 97
List the prime factors of 3287.
19, 173
What are the prime factors of 1471?
1471
List the prime factors of 279.
3, 31
List the prime factors of 48651.
3, 16217
List the prime factors of 3011.
3011
List the prime factors of 4126.
2, 2063
List the prime factors of 109410.
2, 3, 5, 7, 521
What are the prime factors of 67166?
2, 11, 43, 71
What are the prime factors of 6825?
3, 5, 7, 13
What are the prime factors of 103130?
2, 5, 10313
What are the prime factors of 180?
2, 3, 5
What are the prime factors of 18653?
23, 811
List the prime factors of 25497.
3, 2833
List the prime factors of 1820.
2, 5, 7, 13
What are the prime factors of 1886?
2, 23, 41
List the prime factors of 3160.
2, 5, 79
List the prime factors of 75664.
2, 4729
List the prime factors of 8257.
23, 359
List the prime factors of 23383.
67, 349
List the prime factors of 23406.
2, 3, 47, 83
List the prime factors of 1083.
3, 19
What are the prime factors of 1419?
3, 11, 43
What are the prime factors of 1216?
2, 19
What are the prime factors of 25204?
2, 6301
What are the prime factors of 3270?
2, 3, 5, 109
List the prime factors of 119579.
197, 607
List the prime factors of 7528.
2, 941
List the prime factors of 5145.
3, 5, 7
What are the prime factors of 823?
823
List the prime factors of 1219.
23, 53
What are the prime factors of 5083?
13, 17, 23
List the prime factors of 2633.
2633
What are the prime factors of 39396?
2, 3, 7, 67
List the prime factors of 5048.
2, 631
List the prime factors of 46993.
46993
List the prime factors of 3890.
2, 5, 389
What are the prime factors of 545?
5, 109
List the prime factors of 680.
2, 5, 17
List the prime factors of 1313.
13, 101
What are the prime factors of 81659?
37, 2207
What are the prime factors of 36494?
2, 71, 257
What are the prime factors of 17523?
3, 11, 59
What are the prime factors of 117736?
2, 14717
List the prime factors of 1766.
2, 883
List the prime factors of 55406.
2, 13, 2131
What are the prime factors of 3441?
3, 31, 37
What are the prime factors of 10251?
3, 17, 67
List the prime factors of 19298.
2, 9649
List the prime factors of 4039.
7, 577
What are the prime factors of 79692?
2, 3, 29, 229
What are the prime factors of 461?
461
What are the prime factors of 69?
3, 23
List the prime factors of 13422.
2, 3, 2237
What are the prime factors of 238?
2, 7, 17
What are the prime factors of 14158?
2, 7079
List the prime factors of 7506.
2, 3, 139
What are the prime factors of 4965?
3, 5, 331
List the prime factors of 19111.
29, 659
List the prime factors of 372.
2, 3, 31
List the prime factors of 3223.
11, 293
What are the prime factors of 7138?
2, 43, 83
What are the prime factors of 4299?
3, 1433
W